rime factors of 5675919?
3, 281, 6733
What are the prime factors of 19409391?
3, 2156599
What are the prime factors of 779612?
2, 67, 2909
List the prime factors of 79466.
2, 39733
What are the prime factors of 22244082?
2, 3, 7, 23, 23027
What are the prime factors of 508583?
508583
List the prime factors of 16114.
2, 7, 1151
List the prime factors of 385082.
2, 31, 6211
List the prime factors of 33096262.
2, 16548131
List the prime factors of 2392143.
3, 13, 83, 739
What are the prime factors of 9722576?
2, 41, 14821
What are the prime factors of 12692521?
12692521
What are the prime factors of 110514?
2, 3, 113, 163
What are the prime factors of 10399428?
2, 3, 13, 823
What are the prime factors of 364927?
73, 4999
List the prime factors of 1018328.
2, 127291
List the prime factors of 555255.
3, 5, 457
List the prime factors of 1897062.
2, 3, 316177
What are the prime factors of 246910?
2, 5, 24691
List the prime factors of 1062483.
3, 17, 83, 251
List the prime factors of 4128643.
19, 29, 59, 127
List the prime factors of 409656.
2, 3, 13, 101
List the prime factors of 39326.
2, 7, 53
List the prime factors of 3707389.
7, 29, 2609
What are the prime factors of 23492630?
2, 5, 7, 335609
List the prime factors of 3953111.
53, 74587
List the prime factors of 100866.
2, 3, 16811
What are the prime factors of 24523482?
2, 3, 449, 9103
List the prime factors of 12561791.
11, 61, 97, 193
What are the prime factors of 7261006?
2, 17, 31, 83
What are the prime factors of 3755218?
2, 1877609
What are the prime factors of 142748?
2, 127, 281
List the prime factors of 352561.
11, 32051
What are the prime factors of 267705?
3, 5, 661
List the prime factors of 1810973.
1810973
List the prime factors of 4004453.
4004453
What are the prime factors of 1344853?
17, 239, 331
What are the prime factors of 7304290?
2, 5, 7, 104347
List the prime factors of 2487834.
2, 3, 5119
What are the prime factors of 4897577?
4897577
What are the prime factors of 263393?
13, 20261
List the prime factors of 1161757.
1161757
What are the prime factors of 4905174?
2, 3, 817529
List the prime factors of 16728934.
2, 233, 35899
List the prime factors of 2200602.
2, 3, 353, 1039
List the prime factors of 8284541.
8284541
List the prime factors of 400053.
3, 133351
List the prime factors of 107772.
2, 3, 7, 1283
What are the prime factors of 6838741?
7, 13, 223, 337
List the prime factors of 1564360.
2, 5, 7, 37, 151
List the prime factors of 1878168.
2, 3, 139, 563
List the prime factors of 26562590.
2, 5, 193, 13763
List the prime factors of 171389.
367, 467
List the prime factors of 820281.
3, 7, 11, 53, 67
What are the prime factors of 359788?
2, 11, 13, 17, 37
List the prime factors of 1676333.
1676333
List the prime factors of 351042.
2, 3, 41, 1427
What are the prime factors of 5823055?
5, 7, 29, 5737
What are the prime factors of 9196623?
3, 163, 6269
What are the prime factors of 127623?
3, 19, 2239
List the prime factors of 3759244.
2, 17, 59, 937
List the prime factors of 4370648.
2, 29, 18839
What are the prime factors of 37457?
7, 5351
List the prime factors of 1136488.
2, 142061
What are the prime factors of 798478?
2, 399239
What are the prime factors of 68722?
2, 34361
List the prime factors of 43203.
3, 14401
List the prime factors of 3434522.
2, 7, 13, 113, 167
What are the prime factors of 281215?
5, 11, 5113
What are the prime factors of 5625588?
2, 3, 67, 6997
List the prime factors of 4898824.
2, 7, 12497
What are the prime factors of 5919020?
2, 5, 295951
List the prime factors of 38074.
2, 19037
List the prime factors of 3378545.
5, 541, 1249
What are the prime factors of 5776573?
11, 525143
What are the prime factors of 1069170?
2, 3, 5, 157, 227
What are the prime factors of 7224278?
2, 479, 7541
List the prime factors of 24146.
2, 12073
What are the prime factors of 3138235?
5, 23, 29, 941
List the prime factors of 8758933.
8758933
List the prime factors of 2728294.
2, 163, 8369
What are the prime factors of 294705?
3, 5, 37, 59
What are the prime factors of 3167951?
23, 137737
What are the prime factors of 189427?
7, 27061
What are the prime factors of 668067?
3, 83, 2683
What are the prime factors of 62327?
62327
What are the prime factors of 137747?
23, 53, 113
What are the prime factors of 4510607?
257, 17551
What are the prime factors of 1136241?
3, 42083
What are the prime factors of 378039?
3, 126013
What are the prime factors of 7895?
5, 1579
List the prime factors of 211272.
2, 3, 8803
List the prime factors of 450429.
3, 7, 89, 241
List the prime factors of 485105.
5, 97021
List the prime factors of 2915845.
5, 583169
What are the prime factors of 232495?
5, 46499
What are the prime factors of 3809094?
2, 3, 31, 20479
What are the prime factors of 390117?
3, 7, 13, 1429
List the prime factors of 4109769.
3, 456641
List the prime factors of 58535.
5, 23, 509
List the prime factors of 263257.
263257
List the prime factors of 798724.
2, 233, 857
What are the prime factors of 249372?
2, 3, 2309
What are the prime factors of 1724574?
2, 3, 83, 3463
What are the prime factors of 1322851?
1322851
List the prime factors of 4070128.
2, 254383
What are the prime factors of 4503064?
2, 389, 1447
What are the prime factors of 6130781?
6130781
What are the prime factors of 808529?
43, 18803
What are the prime factors of 13097900?
2, 5, 227, 577
What are the prime factors of 1406670?
2, 3, 5, 46889
List the prime factors of 2610432.
2, 3, 11, 103
List the prime factors of 209342.
2, 7, 19, 787
List the prime factors of 16104643.
16104643
List the prime factors of 2321997.
3, 773999
What are the prime factors of 170163?
3, 7, 37, 73
List the prime factors of 934062.
2, 3, 41, 3797
What are the prime factors of 1172245?
5, 97, 2417
List the prime factors of 915376.
2, 7, 11, 743
List the prime factors of 10796754.
2, 3, 233, 7723
What are the prime factors of 1148475?
3, 5, 15313
List the prime factors of 77091.
3, 7, 3671
List the prime factors of 676077.
3, 19, 29, 409
What are the prime factors of 407959?
407959
What are the prime factors of 209989?
13, 29, 557
List the prime factors of 2935258.
2, 1467629
List the prime factors of 4875049.
4875049
What are the prime factors of 9091443?
3, 19, 159499
List the prime factors of 152906.
2, 13, 5881
What are the prime factors of 109154?
2, 54577
What are the prime factors of 3678846?
2, 3, 613141
What are the prime factors of 18773089?
97, 103, 1879
List the prime factors of 378439.
378439
List the prime factors of 891350.
2, 5, 17827
List the prime factors of 55518.
2, 3, 19, 487
What are the prime factors of 75641?
75641
What are the prime factors of 186252?
2, 3, 11, 17, 83
List the prime factors of 27441938.
2, 37, 370837
List the prime factors of 380085.
3, 5, 25339
List the prime factors of 552639.
3, 41, 4493
List the prime factors of 1929803.
1929803
List the prime factors of 1580377.
73, 21649
What are the prime factors of 3376420?
2, 5, 401, 421
List the prime factors of 26933047.
26933047
List the prime factors of 512007.
3, 170669
What are the prime factors of 310191?
3, 7, 14771
List the prime factors of 589080.
2, 3, 5, 4909
List the prime factors of 9954006.
2, 3, 127, 13063
List the prime factors of 1179333.
3, 31, 1409
What are the prime factors of 353773?
7, 50539
List the prime factors of 1805295.
3, 5, 61, 1973
List the prime factors of 181678.
2, 7, 19, 683
List the prime factors of 1045563.
3, 97, 3593
What are the prime factors of 8450?
2, 5, 13
What are the prime factors of 23942817?
3, 17, 52163
List the prime factors of 471188.
2, 117797
What are the prime factors of 1549971?
3, 172219
List the prime factors of 895648.
2, 13, 2153
What are the prime factors of 4583731?
19, 241249
List the prime factors of 12260927.
7, 17, 41, 359
List the prime factors of 21064779.
3, 31, 8389
What are the prime factors of 2507869?
7, 13, 31, 127
List the prime factors of 1621786.
2, 810893
List the prime factors of 1314358.
2, 23, 28573
List the prime factors of 224911.
224911
What are the prime factors of 98457?
3, 37, 887
List the prime factors of 7825665.
3, 5, 157, 3323
List the prime factors of 621144.
2, 3, 8627
What are the prime factors of 3177742?
2, 17, 93463
List the prime factors of